4*s = -23*s, -5*v + 3*s - 8 = 0. Give n(v).
-5
Let o(l) be the third derivative of -l**6/720 + 7*l**5/60 - 5*l**4/24 + l**3/2 + 12*l**2. Let d(u) be the second derivative of o(u). What is d(0)?
14
Let r(j) be the first derivative of -j**4/2 - 5*j**3 - 4*j**2 + 2*j + 3194. What is r(-7)?
9
Let k(o) = -14*o + 1. Suppose 8 = 6*j - 16. Let x be (20/50)/(j/(-20)). Calculate k(x).
29
Let t(x) be the second derivative of -x**5/20 + x**4/12 + 19*x**2/2 - 776*x. Suppose 0 = -v + u + 5, 3*u - 20 = -3*v + 7*u. Determine t(v).
19
Let j be 1 + 119*8 + 5. Let u(n) = -24*n + 20*n - 972 + j. Calculate u(-4).
2
Let x(r) = -r + 4. Let w = 14 + -10. Let c(i) = 219*i + 662. Let h be c(-3). Suppose -f + w*f - 2*d = -21, -h*f - 2*d - 19 = 0. Give x(f).
9
Let v(a) = a**3 - 5*a**2 + 4*a + 2. Suppose -2*l = 3*l - p + 15, 4*p = -20. Let c be (-1)/l + 21/12. Let f be (3/(-15) - -1)/(c/10). Calculate v(f).
2
Let n(s) = 62*s**2 - 14*s + 10. Let p(y) = -12*y**2 - 1. Let x(o) = -n(o) - 5*p(o). Determine x(6).
7
Let v(f) = 6*f - 5*f + 4 + 1. Suppose 208 = -6*u + 14*u. Suppose 16 = -6*t - u. Give v(t).
-2
Let z = 10 + -4. Suppose -5*v - 2 = o, -5*v = 3*o - 6*o - z. Let a(i) = 11*i**2 - 30*i**2 + 18*i**2 - 19*i**3 + 20*i**3 + 2 - 11. What is a(v)?
-9
Let f(l) = 3*l + 5. Suppose -49 = -5*r + 2*p, -202*r + 2*p + 40 = -198*r. What is f(r)?
32
Let r(k) = k**2 - 31*k - 8. Let a(t) = 2*t**2 - 47*t - 12. Suppose -47*f + 64*f + 85 = 0. Let m(x) = f*a(x) + 8*r(x). What is m(-5)?
11
Suppose -5*s - 2*g = -4*g - 11, -g + 2 = 0. Let v(q) = q**3 - s*q + 5*q + 3*q. Let h(r) = 3*r**3 + 14*r. Let x(k) = 4*h(k) - 11*v(k). Calculate x(0).
0
Let l(k) = -k**3 - 4*k**2 + 5*k + 4. Suppose -4*w = -2*c + 216, 5*c = -3*w + c - 140. Let t = 46 + w. Let h be 26/t - (-4 + (-14)/(-3)). Determine l(h).
4
Let g(o) = 0*o**3 + 15*o**3 - 6*o**3 - 11*o**3 - 3*o + 2*o**2 - 5*o**3. What is g(2)?
-54
Let m(l) = -l**3 - 5*l**2 + 38*l + 10. Let w be m(-9). Let h(g) = -g**3 - 6*g**2 + 11*g + 11. What is h(w)?
51
Let d(k) be the third derivative of 0*k - 3*k**2 + k**3 - 3/8*k**4 - 1/60*k**5 - 31. Determine d(-7).
20
Let z be (34/51)/(2/9). Suppose -5*y + y - 5 = c, 3*y + c + z = 0. Let j(m) = 2*m - 3*m**2 + 10*m**2 + 7 - 4 - 4*m**2. Give j(y).
11
Let f(j) = 2*j - 2. Suppose g + 64 = -36. Let i = g - -100. Suppose i = 4*w - 20, -5*o + 7 - 22 = -5*w. Give f(o).
2
Suppose 10*g - 950 = -9*g. Suppose 16 = -11*u - g. Let p(y) = -y + 1. Determine p(u).
7
Let s(h) = -7*h**3 + 8*h**2 - 7*h + 14. Let t(j) = 9*j**3 - 8*j**2 + 10*j - 13. Let q(d) = -4*s(d) - 3*t(d). What is q(8)?
-33
Let s(t) = 61*t**3 + 20*t**2 - 18*t + 57. Let r(y) = 10*y**3 - y**2 + y + 1. Let x(w) = -6*r(w) + s(w). Determine x(-27).
-30
Suppose 5*d - 7 + 27 = 0. Let t(p) = -195 + 17 + 40 + 37 - 6*p + 42 + 47. What is t(d)?
12
Let a(q) = -7*q**3 + 7*q**2 + 2*q - 7. Let j(d) = 7*d**2 - 967*d**3 + d + 1930*d**3 - 969*d**3 - 11 + 4. Let g(f) = 5*a(f) - 6*j(f). Calculate g(6).
-5
Let q(y) be the first derivative of -y**4/4 - 31*y**3/3 + 33*y**2/2 + 36*y - 10542. Determine q(-32).
4
Let b(k) = k**3 + 9*k**2 + 9*k + 3. Let s = -478 - -340. Let w = s - -130. What is b(w)?
-5
Let i(w) = w**2 - 45*w - 53. Let t(k) = 343*k + 7592. Let d be t(-22). Calculate i(d).
-7
Let q(c) = -24 + 51 - c**2 + c**3 - 28580*c + 28579*c. What is q(0)?
27
Let k be 1*(1 - (2 - 4)). Let b(g) be the second derivative of g**4/6 - g**3/2 - g**2 + g - 15136. Give b(k).
7
Let s(k) be the third derivative of 2*k**5/15 - k**4/12 + k**3/2 + 26*k**2 + k + 2. Calculate s(3).
69
Let s(u) = 17*u - 214. Let a be ((-468)/324*-3)/((-2)/(-6)). What is s(a)?
7
Let v(b) = 4*b**3 - 49*b**2 - 48*b + 73. Let j(y) = -y**3 + 13*y**2 + 16*y - 24. Let p(n) = -7*j(n) - 2*v(n). Determine p(5).
-8
Let f be 23/((-230)/300) + -6. Let k(n) = n**2 + 32*n - 143. What is k(f)?
1
Suppose 0 = -4*s - 3*k - k + 172, 0 = -4*k. Let h(f) = -s*f + 85*f - 44*f. Give h(3).
-6
Suppose -4*h + 2*p + 10 = 0, 3*h = -4*p + 1 - 21. Let a(v) = 11*v**2 - 15*v - 87. Let j(w) = 3*w**2 - 4*w - 22. Let z(o) = -4*a(o) + 15*j(o). Calculate z(h).
18
Let d(q) be the second derivative of -q**4/4 - 7*q**3/6 - 4*q**2 - 4565*q. Calculate d(-4).
-28
Let u(z) = 29*z + 440. Suppose -5*t + 2*q - 83 = 0, -7 = t - 19*q + 21*q. Calculate u(t).
5
Let z be ((-5)/(-1))/10*10. Let t(x) = 29*x**2 + 14*x - 9. Let o(d) = 23*d**2 + 13*d - 10. Let k(y) = -5*o(y) + 4*t(y). Determine k(z).
-6
Let b(p) be the second derivative of p**5/20 - 13*p**4/12 - 11*p**3/3 + 125*p**2/2 - 8581*p. Give b(14).
13
Let r(x) be the third derivative of 1/4*x**4 + 0*x + 3*x**2 + 1/60*x**5 + 1/2*x**3 + 0. Suppose a + 5*a = -24. Give r(a).
-5
Let i(m) = -4*m - 3*m - m**3 + 2 + 5*m - 2*m + 7*m**2. Suppose 3*y - 61 + 43 = 0. Give i(y).
14
Let x(n) be the second derivative of -47*n + 0 - 1/2*n**2 + 1/3*n**3. Determine x(2).
3
Let y = -17 - -18. Suppose 12*r - 99 = r. Let k(n) = -8*n - r*n - 5*n + 7*n. Calculate k(y).
-15
Suppose -4*o + 680 - 680 = 0. Suppose 3*j + 1345 - 1321 = o. Let p(y) = y**3 + 8*y**2 - y - 7. Give p(j).
1
Let a(i) = -2*i**2 + 10*i - 26. Let o be (4/18)/(298/8046). Give a(o).
-38
Let p be (-34 - -179)*6/5. Let q = p - 180. Let l(n) = -n - 10. What is l(q)?
-4
Suppose 3*l - 36 = -5*n, 15*l = 20*l - 10. Let x(k) = -3*k**2 + 15 - n*k**2 - 113*k**3 - 4*k**2 + 112*k**3 - 11*k. What is x(-12)?
3
Let o(r) = r**2 + 1. Let g(z) = -7*z**2 - 16. Let d(x) = g(x) + 6*o(x). Let n = -288 - -288. Give d(n).
-10
Let t(r) = -7*r - 1. Let m(d) = 7*d**3 - 1 + 2 - 10*d**3. Let a be m(-1). Suppose a*u - 2 = 2. Determine t(u).
-8
Let o(z) = z**2 + 20*z - 10. Let y be o(-20). Let f(j) = -j**2 - j + 82. Calculate f(y).
-8
Let v = 3963 + -3958. Let w(u) be the third derivative of 0 - 1/60*u**v + 0*u + 1/12*u**4 + 5*u**2 + 2/3*u**3. What is w(-3)?
-11
Let v(h) = -h**3 + 6*h**2 + h - 10. Let y = 54 + -48. Let t be v(y). Let z(k) = k. Let l(s) = -3*s - 10. Let c(a) = t*z(a) - l(a). Determine c(6).
4
Let l(u) = u - 18. Suppose 2*j - 52 = -4*d, -2*d + 5*j = -5*d + 53. Let i be l(d). Let f(p) = -3*p - 17. Give f(i).
4
Let k(x) = -x**3 + 7*x**2 - 6*x + 5. Let m = 66 - 51. Suppose -19*t + 16 = -m*t. Let u be t/8 - (-22)/4. Give k(u).
5
Let i(m) = 5*m**2 + 9*m - 10. Let l be ((-1099)/(-28) - 38)*(-8)/(-10). What is i(l)?
4
Let f(m) = 3*m**3 + m**2. Let j be (44/10)/((-4)/20). Let w be (j/12 - 8/(-24))*-6. Suppose w*r + 3 - 12 = 0. Calculate f(r).
4
Let m(t) be the second derivative of t**6/360 - 7*t**5/120 - 5*t**4/24 - t**3/6 + 37*t**2/2 - 78*t. Let z(a) be the second derivative of m(a). Give z(6).
-11
Let d = 1623 + -1614. Let x(n) be the second derivative of -n**5/20 + 5*n**4/6 - 3*n**3/2 - 3*n**2 - 56*n. Calculate x(d).
-6
Suppose -4*k = -3*w + 5, 3*k + 243 - 232 = -5*w. Let q(x) = 20*x**2 + 8*x + 7. Determine q(w).
19
Let r(f) be the first derivative of f**3/3 - 3*f**2 - 9*f + 696. Determine r(9).
18
Let w be (-33)/(-3) - (-85)/(-17). Suppose 22*a - 20*a - w = 0. Let v(u) be the second derivative of u**4/12 - u**3/6 - 2*u**2 + u. Give v(a).
2
Let y(m) = -2*m + 7. Let p be (42/49)/((1/(-14))/(-1)). Suppose 2*a + 30 = 5*w, 4*w - 3*w - 13 = -a. Let z be -3*(-2 - w/p) - 2. Calculate y(z).
-5
Let i(b) = -b**2 + b. Suppose 2*c - 5*c + 177 = 0. Let y = c + -61. Let p(v) = 6*v**2. Let n(w) = y*i(w) - p(w). What is n(2)?
-20
Let t be (-1)/(-4) - ((-5)/(-4) + 1). Let w be (-1)/t*(-8)/(-2) + -3. Let y(p) = -p**2 - p - 2. Let f(o) = -o + 1. Let h(x) = w*f(x) + y(x). Give h(-4).
-19
Let j(n) = -458*n**2 + 881*n**2 - 58*n + n**3 - 422*n**2 - 9. Calculate j(-8).
7
Let y(k) = 23*k**3 + k**2 - k - 2. Suppose -3*q - 8 = -d, -5*q - 24*d = -28*d + 25. Determine y(q).
-23
Suppose n + 50 = -9*n. Let x(h) = 3 - 3*h**2 - 28*h + 4*h**2 - 22*h + 3 + 57*h. What is x(n)?
-4
Let w(b) = b**2 + 23*b - 17. Let z be w(-24). Let s(v) = -v**2 - v - 3 - z*v + 5*v - 2*v. Calculate s(-5).
-3
Let z(d) = d**2 - 25*d - 47. Let o(i) = i**2 - 24*i - 37. Let a(l) = 5*o(l) - 4*z(l). Give a(18).
-33
Let v(z) = 11*z + 1. Suppose 195 = -5*l + 330. Suppose l*k - 38*k + 11 = 0. Calculate v(k).
12
Let x(h) = 0*h + 1 + 8*h**3 + 2*h - 4*h. Let z(r) = -3*r - 9. Let a be z(-4). Let b(q) = -3*q + 10. Let n be b(a). Give x(n).
7
Let f(l) be the second derivative of -l**3/2 - 139*l**2/2 + 3*l - 1731. Determine f(-41).
-16
Let s(x) be the third derivative of 